, 11, 1249
List the prime factors of 2148.
2, 3, 179
List the prime factors of 30646.
2, 7, 11, 199
List the prime factors of 1877.
1877
What are the prime factors of 171?
3, 19
List the prime factors of 8390.
2, 5, 839
What are the prime factors of 2971?
2971
List the prime factors of 467.
467
List the prime factors of 13926.
2, 3, 11, 211
What are the prime factors of 2793?
3, 7, 19
List the prime factors of 4829.
11, 439
What are the prime factors of 62559?
3, 7, 331
What are the prime factors of 5153?
5153
List the prime factors of 6002.
2, 3001
What are the prime factors of 22607?
13, 37, 47
What are the prime factors of 5125?
5, 41
What are the prime factors of 22561?
7, 11, 293
List the prime factors of 27601.
7, 3943
List the prime factors of 2659.
2659
List the prime factors of 25273.
127, 199
List the prime factors of 26032.
2, 1627
List the prime factors of 24517.
24517
What are the prime factors of 46908?
2, 3, 1303
List the prime factors of 922.
2, 461
List the prime factors of 24151.
24151
What are the prime factors of 35390?
2, 5, 3539
What are the prime factors of 4186?
2, 7, 13, 23
List the prime factors of 4483.
4483
What are the prime factors of 160447?
7, 22921
What are the prime factors of 35578?
2, 17789
What are the prime factors of 681?
3, 227
List the prime factors of 11227.
103, 109
List the prime factors of 1786.
2, 19, 47
What are the prime factors of 9629?
9629
What are the prime factors of 27497?
31, 887
List the prime factors of 31509.
3, 389
List the prime factors of 12131.
7, 1733
What are the prime factors of 13354?
2, 11, 607
List the prime factors of 4708.
2, 11, 107
List the prime factors of 37204.
2, 71, 131
List the prime factors of 5582.
2, 2791
List the prime factors of 7545.
3, 5, 503
List the prime factors of 2699.
2699
List the prime factors of 951.
3, 317
List the prime factors of 18917.
18917
What are the prime factors of 2223?
3, 13, 19
What are the prime factors of 253?
11, 23
List the prime factors of 6504.
2, 3, 271
What are the prime factors of 19292?
2, 7, 13, 53
What are the prime factors of 107230?
2, 5, 10723
What are the prime factors of 25566?
2, 3, 4261
List the prime factors of 15877.
15877
List the prime factors of 154.
2, 7, 11
What are the prime factors of 6503?
7, 929
List the prime factors of 13301.
47, 283
What are the prime factors of 44431?
157, 283
What are the prime factors of 3296?
2, 103
What are the prime factors of 1211?
7, 173
List the prime factors of 2292.
2, 3, 191
List the prime factors of 442.
2, 13, 17
What are the prime factors of 150?
2, 3, 5
What are the prime factors of 402?
2, 3, 67
List the prime factors of 955.
5, 191
What are the prime factors of 51287?
51287
What are the prime factors of 2205?
3, 5, 7
What are the prime factors of 1540?
2, 5, 7, 11
What are the prime factors of 5846?
2, 37, 79
What are the prime factors of 43505?
5, 7, 11, 113
List the prime factors of 1065.
3, 5, 71
What are the prime factors of 993?
3, 331
List the prime factors of 24830.
2, 5, 13, 191
What are the prime factors of 963?
3, 107
What are the prime factors of 1633?
23, 71
What are the prime factors of 16240?
2, 5, 7, 29
What are the prime factors of 19462?
2, 37, 263
List the prime factors of 165.
3, 5, 11
What are the prime factors of 4132?
2, 1033
What are the prime factors of 6873?
3, 29, 79
What are the prime factors of 5476?
2, 37
What are the prime factors of 5994?
2, 3, 37
List the prime factors of 69110.
2, 5, 6911
List the prime factors of 18797.
18797
List the prime factors of 2678.
2, 13, 103
What are the prime factors of 118861?
118861
List the prime factors of 2972.
2, 743
What are the prime factors of 2083?
2083
List the prime factors of 48070.
2, 5, 11, 19, 23
What are the prime factors of 18808?
2, 2351
List the prime factors of 8384.
2, 131
List the prime factors of 45198.
2, 3, 31
What are the prime factors of 3631?
3631
What are the prime factors of 4039?
7, 577
What are the prime factors of 12380?
2, 5, 619
What are the prime factors of 650?
2, 5, 13
What are the prime factors of 2413?
19, 127
List the prime factors of 43.
43
List the prime factors of 649.
11, 59
What are the prime factors of 2137?
2137
What are the prime factors of 83116?
2, 11, 1889
What are the prime factors of 1432?
2, 179
What are the prime factors of 11417?
7, 233
What are the prime factors of 187?
11, 17
List the prime factors of 1027.
13, 79
List the prime factors of 10676.
2, 17, 157
What are the prime factors of 17717?
7, 2531
What are the prime factors of 9687?
3, 3229
List the prime factors of 14875.
5, 7, 17
List the prime factors of 1061.
1061
List the prime factors of 57577.
13, 43, 103
List the prime factors of 2266.
2, 11, 103
What are the prime factors of 20646?
2, 3, 31, 37
List the prime factors of 39519.
3, 4391
List the prime factors of 49049.
7, 11, 13
What are the prime factors of 99348?
2, 3, 17, 487
What are the prime factors of 5382?
2, 3, 13, 23
What are the prime factors of 50306?
2, 25153
What are the prime factors of 1190?
2, 5, 7, 17
What are the prime factors of 84961?
84961
List the prime factors of 37152.
2, 3, 43
What are the prime factors of 42951?
3, 103, 139
What are the prime factors of 27636?
2, 3, 7, 47
List the prime factors of 3526.
2, 41, 43
List the prime factors of 19801.
19801
What are the prime factors of 12339?
3, 457
What are the prime factors of 43452?
2, 3, 17, 71
List the prime factors of 2971.
2971
What are the prime factors of 1031?
1031
What are the prime factors of 550?
2, 5, 11
What are the prime factors of 404?
2, 101
List the prime factors of 2418.
2, 3, 13, 31
List the prime factors of 930.
2, 3, 5, 31
What are the prime factors of 1311?
3, 19, 23
List the prime factors of 10289.
10289
List the prime factors of 59270.
2, 5, 5927
What are the prime factors of 1803?
3, 601
What are the prime factors of 36203?
41, 883
What are the prime factors of 769?
769
List the prime factors of 14265.
3, 5, 317
What are the prime factors of 12728?
2, 37, 43
What are the prime factors of 51930?
2, 3, 5, 577
What are the prime factors of 19337?
61, 317
List the prime factors of 78155.
5, 7, 11, 29
List the prime factors of 29943.
3, 1109
What are the prime factors of 1006?
2, 503
List the prime factors of 865.
5, 173
List the prime factors of 190453.
227, 839
What are the prime factors of 18782?
2, 9391
What are the prime factors of 68641?
83, 827
List the prime factors of 50437.
31, 1627
What are the prime factors of 4332?
2, 3, 19
What are the prime factors of 1403?
23, 61
List the prime factors of 2741.
2741
List the prime factors of 2587.
13, 199
List the prime factors of 280.
2, 5, 7
List the prime factors of 177.
3, 59
List the prime factors of 49503.
3, 29, 569
List the prime factors of 4239.
3, 157
What are the prime factors of 11613?
3, 7, 79
What are the prime factors of 1112?
2, 139
List the prime factors of 1877.
1877
List the prime factors of 27542.
2, 47, 293
List the prime factors of 17184.
2, 3, 179
List the prime factors of 306.
2, 3, 17
What are the prime factors of 682?
2, 11, 31
List the prime factors of 4068.
2, 3, 113
What are the prime factors of 552?
2, 3, 23
What are the prime factors of 66147?
3, 17, 1297
List the prime factors of 67850.
2, 5, 23, 59
What are the prime factors of 15?
3, 5
List the prime factors of 58583.
7, 8369
What are the prime factors of 29676?
2, 3, 2473
What are the prime factors of 8922?
2, 3, 1487
What are the prime factors of 45696?
2, 3, 7, 17
List the prime factors of 5859.
3, 7, 31
List the prime factors of 1287.
3, 11, 13
List the prime factors of 3230.
2, 5, 17, 19
List the prime factors of 106831.
47, 2273
What are the prime factors of 5598?
2, 3, 311
List the prime factors of 128013.
3, 71, 601
What are the prime factors of 161818?
2, 80909
List the prime factors of 6609.
3, 2203
What are the prime factors of 926?
2, 463
List the prime factors of 16475.
5, 659
List the prime factors of 3756.
2, 3, 313
What are the prime factors of 6320?
2, 5, 79
What are the prime factors of 127450?
2, 5, 2549
What are the prime factors of 11162?
2, 5581
List the prime factors of 16565.
5, 3313
What are the prime factors of 735?
3, 5, 7
List the prime factors of 16246.
2, 8123
What are the prime fa